e the remainder when 4 + (-1 + -17)*168/(-16) is divided by 13.
11
Let g = -28 - -32. Let s = 6 - -13. Let h = s - g. Calculate the remainder when h is divided by 8.
7
Suppose -3 = -4*n + 3*q - 0, 4*n = 4*q. Suppose -4*s - 5 + 0 = -d, d - n*s = 3. Calculate the remainder when 36 is divided by (-18)/(-6)*(-13)/d.
10
What is the remainder when (-2847)/(-26) - 10/4 is divided by 36?
35
Let r(n) = -n**2 + 5*n + 8. Let j be r(6). Suppose -5*l - 3*b - b + 66 = 0, j = -2*b. What is the remainder when l is divided by ((-20)/(-15))/(1/6)?
6
Let g(a) = -215*a - 628. Let r(q) = 32*q - 3. What is the remainder when r(2) is divided by g(-3)?
10
Suppose 0*r - 73 = r + n, n = 4*r + 282. Let t = -56 - r. What is the remainder when 88 is divided by t?
13
Let f be (-10)/(-3)*45/30. Suppose -2*x = -q + 13, 0*x + f*x = -2*q + 53. Let b(h) = -h**2 + h + 74. What is the remainder when b(0) is divided by q?
17
Let k(o) = -o**2 + 7*o + 10. Let u = -2 + 9. Suppose -5*c + 78 = 4*v, 3*c - 7*c + 69 = v. Calculate the remainder when c is divided by k(u).
8
Let z(y) = -2*y**2 + 11*y - 4. Suppose 4*b - j - 4*j = 2, 5*j - 4 = 2*b. What is the remainder when 53 is divided by z(b)?
9
Let v(u) = u**3 + 9*u**2 + 7*u - 7. Let a be v(-8). Let q be (a + 12/(-4))/(-1). Suppose 2*o - 28 = -q*o. What is the remainder when 16 is divided by o?
2
Let o be (9/(-6))/(3/(-80)). Suppose 4*y - o = 3*a, -4*y - 2*a = 2*a - 40. Suppose 3*n - n - y = 0. What is the remainder when 9 is divided by n?
4
Suppose 4*u + 3*l - 137 = 0, -4*u - 4*l - 58 = -5*u. Calculate the remainder when u is divided by 20.
18
Let q(a) = 2*a**2 + 3 - 2*a - 5 + 2*a**2 + 5*a**2. What is the remainder when q(-2) is divided by 20?
18
Let f be (-1060)/(-22) - 4/22. Let g = f + -31. Let h(w) = -w**2 - 14*w + 49. Calculate the remainder when h(0) is divided by g.
15
Suppose 5*r = -7 - 123. Let k = -20 - r. Suppose 2*b - 4*b + 54 = 4*m, 3*b = -m + k. Calculate the remainder when 57 is divided by m.
12
Let k(q) be the first derivative of -q**4/4 + 2*q**3/3 - q**2/2 + 5. Let l be k(2). Calculate the remainder when 17 is divided by (10 - (l + 5)) + -2.
2
Let p(t) be the third derivative of 1/10*t**5 + 0 + 0*t**4 - 1/2*t**3 + 0*t + 5*t**2. Calculate the remainder when p(-3) is divided by 13.
12
Let a = -18 - -26. Suppose 6*o - 5*s = 7*o - 33, o - 5 = 2*s. Calculate the remainder when o is divided by a.
5
Suppose -7 = -2*d + 3*m + 13, 4*m + 24 = 2*d. Let c be (-4 + -16)/(-5) - -38. Suppose a + c = d*a. What is the remainder when 55 is divided by a?
13
Suppose -4*n + 107 = -5*x, 5*n + 17*x = 16*x + 112. What is the remainder when 63 is divided by n?
17
Suppose 1450*m - 1447*m = 93. What is the remainder when m is divided by 16?
15
Let k = -468 - -485. Calculate the remainder when 97 is divided by k.
12
Suppose 15 = 3*x, -4*d + 3*x = -0*d - 473. What is the remainder when d is divided by 8?
2
Let y = -35 - 27. Let f = y - -159. What is the remainder when f is divided by 33?
31
Suppose -5 = -l - 2*v + 50, l + 3*v - 59 = 0. Suppose s = l + 4. Calculate the remainder when s is divided by (-369)/492 - (158/(-8) - -1).
15
Let d(q) be the second derivative of q**4/6 - 2*q**3/3 + 3*q**2/2 - 4*q. Calculate the remainder when d(5) is divided by 17.
16
Let x = 1454 - 1334. Calculate the remainder when 711 is divided by x.
111
Suppose 2*r + 60 = 3*r + 4*l, -4*r + 3*l + 202 = 0. What is the remainder when 256 is divided by r?
48
Let k(p) = 8 + 38 - 24 + 2*p. Let m be k(-10). Suppose -m*n + 3*n = 54. What is the remainder when n is divided by 14?
12
Suppose -15 = 3*a, -d + a - 5 = 3*a. Suppose -3*z + 8*z = 5*f - 95, 0 = d*f + 5*z - 55. Let n = 168 + -110. Calculate the remainder when n is divided by f.
13
Let i be 0/(-1) + (2 - 0). Suppose -2*f + 68 = i*f. Let n(m) = -7*m - 10. Calculate the remainder when n(-6) is divided by f.
15
Suppose -3 = -p - 0. Let w(v) = 3*v + 4 + v**2 + 6*v**2 + v**p + 5. Calculate the remainder when w(-6) is divided by 10.
7
Let h be 10/(-35) + 145/(-7). Let g = 69 + h. Let p(v) = -3*v - 53. Calculate the remainder when g is divided by p(-26).
23
Suppose 96 = -2*t - 10*t. Let b(g) = 2*g + 14. Let y(a) = 5*a + 29. Let z(l) = 5*b(l) - 3*y(l). What is the remainder when z(t) is divided by 10?
3
Let m = -51 - -91. Let l = 84 - m. Suppose 60 = 4*p + 4*a, 0 = -5*p - 3*a + 6*a + 83. Calculate the remainder when l is divided by p.
12
Let r(j) = -j**3 - 19*j**2 - 51*j + 9. Calculate the remainder when r(-16) is divided by 10.
7
Suppose 2*n = -n + 5*t + 1187, 20 = -5*t. Suppose 8*s - 107 - n = 0. Calculate the remainder when s is divided by 7.
6
Let n(i) = -34*i**2 + 138*i - 1. Calculate the remainder when 146 is divided by n(4).
6
Let y be 1490/(-8) + 19/76. Let d be (y/(-1))/(3/2). Suppose -86 = -m - 4*v, 2*m = -2*v + 6*v + d. Calculate the remainder when m is divided by 18.
16
Let f(c) = 3*c - 1. Suppose 0 + 12 = 4*t. Let s = t - 1. What is the remainder when 9 is divided by f(s)?
4
Let r = 67 - 32. Suppose -f + 2*f = -2*q - 3, -2*q + 3*f = -9. Suppose q = -4*a - a + r. Calculate the remainder when 32 is divided by a.
4
Let r(o) be the third derivative of o**4/24 - o**3/3 + 5*o**2. Calculate the remainder when 42 is divided by r(13).
9
Suppose -16 = -4*c - 4*a, 3*c - 2*a + 8 = 4*c. Suppose 5 = 5*f, f = b - c*b - 191. Let j = b - 110. Calculate the remainder when j is divided by 21.
19
Suppose 0*v - v = 0. Let p = v - -9. Calculate the remainder when 57 is divided by 183/p + 3/(-9).
17
Suppose 3*a = -5*t + 5*a + 274, 98 = 2*t + 5*a. Suppose -83 = -18*s + 259. Calculate the remainder when t is divided by s.
16
Let a be 4/(-14) + (-115)/(-35). Suppose 0 = -a*g + 10 - 49. Let n(x) = -x**2 - 19*x + 4. What is the remainder when n(g) is divided by 28?
26
Let z = -11 - -27. Suppose 3*g - 63 = -4*g. Let k = 15 - g. Calculate the remainder when z is divided by k.
4
Let n(h) = 2*h**2 - 13*h + 2. Let g be n(10). Suppose -g = 2*j + j. Let y = j + 70. What is the remainder when y is divided by 12?
10
Suppose l + 3*k - 367 = 0, 0*k = -5*k + 5. What is the remainder when l is divided by 46?
42
Let n(b) = 5*b - 61. Let m(v) = -v + 12. Let w(y) = 11*m(y) + 2*n(y). Calculate the remainder when 4 is divided by w(8).
0
Let x = -10 + 12. Suppose -5*l + 306 = -4*j, 0 = l - x*j + 4*j - 50. What is the remainder when l is divided by 16?
10
Let l = -121 + 126. Calculate the remainder when 28 is divided by l.
3
Let d(n) = -n**3 - 30*n**2 + 26*n - 72. Calculate the remainder when 2406 is divided by d(-31).
82
Suppose 41*d + 88 = 580. Calculate the remainder when 54 is divided by d.
6
Let i = 80 + 0. Calculate the remainder when i is divided by 21.
17
Suppose 2*j + 77 = 81, -272 = -4*w + 2*j. Suppose q - 2 = 4*v, 7*v - 2*v - 30 = -2*q. What is the remainder when w is divided by q?
9
Suppose 3*p = 4*f + 47 + 63, 4*f + 120 = -2*p. Let u = -19 - f. Calculate the remainder when 47 is divided by u.
7
Suppose 0*h + 2*n - 22 = -h, -4 = -n. What is the remainder when (-21)/h*488/(-12) is divided by 17?
10
Calculate the remainder when ((-40)/4 + 9)*-49 is divided by 17.
15
Suppose 5 - 13 = -4*o, -86 = j - o. Let d = j + 91. What is the remainder when d is divided by 2?
1
What is the remainder when (-623)/(-6) + (9 - 530/60) is divided by 36?
32
Let r be (5/(-1))/(5/(-6)). Let n = 9 - r. Calculate the remainder when 6 is divided by n.
0
Let n(c) = 2*c**2 - 4. What is the remainder when (-12)/21*(-1274)/28 is divided by n(-3)?
12
Suppose 0 = -a + 3*p - 0*p - 5, -4*a + 4 = -4*p. Suppose -5*u + i = -98, a*u = 3*i - 22 + 107. What is the remainder when 92 is divided by u?
16
Suppose 0 = -843*q + 848*q - 45. Calculate the remainder when 48 is divided by q.
3
Let j = -713 + 715. Suppose 4*f = 3*x + f + 60, 2*x + 24 = -2*f. Let v = j - x. What is the remainder when 33 is divided by v?
15
Suppose -4*i - i = 530. Let q = -73 - i. What is the remainder when q is divided by 12?
9
Let d = 111 + -70. Let t = d - 79. Let q = -17 - t. Calculate the remainder when q is divided by 12.
9
Let z(t) = -4 - 1 + 2*t**2 - 10*t**2 - 8*t - t**3. Let r = -1 - -4. What is the remainder when r is divided by z(-7)?
1
Let m be ((-12)/(-15))/((-2)/(-85)). Let t = m + 23. What is the remainder when t is divided by 20?
17
Let k = -476 + 672. Suppose 9*d - 2*d - k = 0. Calculate the remainder 